{"id":561,"date":"2020-09-27T22:39:40","date_gmt":"2020-09-27T22:39:40","guid":{"rendered":"http:\/\/201.147.235.102\/wordpress\/?page_id=561"},"modified":"2025-02-05T15:20:35","modified_gmt":"2025-02-05T21:20:35","slug":"impulso-a-clusters-en-gto","status":"publish","type":"page","link":"https:\/\/sde.guanajuato.gob.mx\/sdes\/impulso-a-clusters-en-gto\/","title":{"rendered":"Impulso a Cl\u00fasters en GTO"},"content":{"rendered":"<p>[vc_row full_width=\u00bbstretch_row_content_no_spaces\u00bb css=\u00bb.vc_custom_1601242133580{margin-top: -45px !important;}\u00bb][vc_column][vc_single_image image=\u00bb417&#8243; img_size=\u00bbfull\u00bb alignment=\u00bbcenter\u00bb][\/vc_column][\/vc_row][vc_row][vc_column width=\u00bb1\/2&#8243;][vc_single_image image=\u00bb396&#8243; img_size=\u00bbfull\u00bb alignment=\u00bbcenter\u00bb css_animation=\u00bbfadeInLeft\u00bb][vc_column_text css=\u00bb.vc_custom_1707342411736{margin-right: 50px !important;margin-left: 50px !important;}\u00bb]<\/p>\n<p style=\"text-align: center;\">Desarrollo de cl\u00faster\u00b4s econ\u00f3micos estrat\u00e9gicos, mediante el impulso de las vocaciones productivas existentes a nivel regional y sectorial.<\/p>\n<p>[\/vc_column_text][\/vc_column][vc_column width=\u00bb1\/2&#8243;][vc_single_image image=\u00bb397&#8243; img_size=\u00bbfull\u00bb alignment=\u00bbcenter\u00bb css_animation=\u00bbfadeInLeft\u00bb][vc_tta_accordion color=\u00bborange\u00bb active_section=\u00bb\u00bb][vc_tta_section title=\u00bb\u00bfA QUI\u00c9N VA DIRIGIDO?\u00bb tab_id=\u00bb1601174135765-a36e3a6d-01e3&#8243;][vc_column_text]<\/p>\n<p style=\"text-align: left;\">Clusters, Organismos empresariales, Asociaciones civiles formalmente constituidos que persigan proyectos de beneficio en com\u00fan para sus asociados (as) y no asociados (as) que integran el sector econ\u00f3mico o cl\u00faster. As\u00ed mismo la MiPyME, Empresa Grande y\/o Emprendedor (a) apoyado.<\/p>\n<p>[\/vc_column_text][\/vc_tta_section][vc_tta_section title=\u00bbPERFILES\u00bb tab_id=\u00bb1601174135765-c5ccd97d-05b6&#8243;][vc_column_text]<\/p>\n<p style=\"text-align: left;\">Unidades Econ\u00f3micas y\/o emprendedores que operan en el Estado de Guanajuato.<\/p>\n<p>[\/vc_column_text][\/vc_tta_section][vc_tta_section title=\u00bbBENEFICIARIOS\u00bb tab_id=\u00bb1601174458595-62a3668d-c9e7&#8243;][vc_column_text]<\/p>\n<section class=\"elementor-element elementor-element-b96c30e elementor-section-boxed elementor-section-height-default elementor-section-height-default elementor-section elementor-inner-section\" data-id=\"b96c30e\" data-element_type=\"section\">\n<div class=\"elementor-container elementor-column-gap-default\">\n<div class=\"elementor-row\">\n<div class=\"elementor-element elementor-element-74e3e44 elementor-column elementor-col-33 elementor-inner-column\" data-id=\"74e3e44\" data-element_type=\"column\">\n<div class=\"elementor-column-wrap elementor-element-populated\">\n<div class=\"elementor-widget-wrap\">\n<div class=\"elementor-element elementor-element-2d1f670 elementor-widget elementor-widget-text-editor\" data-id=\"2d1f670\" data-element_type=\"widget\" data-widget_type=\"text-editor.default\">\n<div class=\"elementor-widget-container\">\n<div class=\"elementor-text-editor elementor-clearfix\">\n<p>Empresarias, Empresarios, Emprendedores, Emprendedoras de Guanajuato<\/p><\/div>\n<\/div>\n<\/div>\n<\/div>\n<\/div>\n<\/div>\n<\/div>\n<\/div>\n<\/section>\n<div class=\"elementor-element elementor-element-d2e71d4 elementor-widget elementor-widget-spacer\" data-id=\"d2e71d4\" data-element_type=\"widget\" data-widget_type=\"spacer.default\">\n<div class=\"elementor-widget-container\">\n<div class=\"elementor-spacer\"><\/div>\n<\/div>\n<\/div>\n<p>[\/vc_column_text][\/vc_tta_section][vc_tta_section title=\u00bb\u00bfQU\u00c9 SECTOR ATIENDE?\u00bb tab_id=\u00bb1601174575136-ed1e9bbc-1fd1&#8243;][vc_column_text]<strong>I. Sectores econ\u00f3micos en general:<\/strong><\/p>\n<ul>\n<li><span style=\"color: #000000;\">Artesan\u00edas;<\/span><\/li>\n<li><span style=\"color: #000000;\">Automotriz \u2013 Autopartes \u2013 Metalmec\u00e1nico;<\/span><\/li>\n<li><span style=\"color: #000000;\">Agroalimentario;<\/span><\/li>\n<li><span style=\"color: #000000;\">Cuero \u2013 Calzado \u2013 Proveedur\u00eda \u2013 Textil \u2013 Moda;<\/span><\/li>\n<li><span style=\"color: #000000;\">Minero \u2013 Construcci\u00f3n;<\/span><\/li>\n<li><span style=\"color: #000000;\">Comercial \u2013 Servicios; e<\/span><\/li>\n<li><span style=\"color: #000000;\">Industrial Soporte.<\/span><\/li>\n<li><span style=\"color: #000000;\">Entre otros<\/span><\/li>\n<\/ul>\n<p><strong>II. <span style=\"color: #000000;\">Sectores<\/span> econ\u00f3micos en desarrollo:<\/strong><\/p>\n<ul>\n<li><span style=\"color: #000000;\">Nanotecnologico;<\/span><\/li>\n<li><span style=\"color: #000000;\">Biotecnol\u00f3gico;<\/span><\/li>\n<li><span style=\"color: #000000;\">De Energ\u00edas Renovables;<\/span><\/li>\n<li><span style=\"color: #000000;\">Aeron\u00e1utico &#8211; Aeroespacial;<\/span><\/li>\n<li><span style=\"color: #000000;\">TIC\u00b4s;<\/span><\/li>\n<li><span style=\"color: #000000;\">Qu\u00edmico &#8211; Farmac\u00e9utico \u2013 Cosmetol\u00f3gico; y<\/span><\/li>\n<li><span style=\"color: #000000;\">Log\u00edstico y Movilidad.<\/span><\/li>\n<li><span style=\"color: #000000;\">Entre otros<\/span><\/li>\n<\/ul>\n<p>[\/vc_column_text][\/vc_tta_section][vc_tta_section title=\u00bbPROCESO DE ATENCI\u00d3N\u00bb tab_id=\u00bb1601177418311-23b6a8bb-fa17&#8243;][vc_column_text]<\/p>\n<ol>\n<li><span style=\"color: #000000;\">Visita a las oficinas de SE. (En su caso, el interesado(a) puede solicitar la visita a su negocio o empresa mediante oficio y\/o correo electr\u00f3nico).<\/span><\/li>\n<li><span style=\"color: #000000;\">Entrevista con empresario(a) \u2013 Emprendedor(a) \u2013 Cl\u00faster, C\u00e1mara u Organismo Empresarial.<\/span><\/li>\n<li><span style=\"color: #000000;\">Registro en padr\u00f3n de beneficiarios.<\/span><\/li>\n<li><span style=\"color: #000000;\">Respuesta de solicitud<\/span><\/li>\n<\/ol>\n<p>[\/vc_column_text][\/vc_tta_section][\/vc_tta_accordion][\/vc_column][\/vc_row][vc_row][vc_column][vc_row_inner][vc_column_inner width=\u00bb1\/2&#8243;][vc_single_image image=\u00bb322&#8243; img_size=\u00bbfull\u00bb css_animation=\u00bbfadeInDown\u00bb][vc_column_text]<\/p>\n<ol>\n<li><span style=\"color: #000000;\">Organismos empresariales constituidos legalmente y Ubicados en el Estado de Guanajuato.<\/span><\/li>\n<li><span style=\"color: #000000;\">Tener al menos tres meses de operaci\u00f3n.<\/span><\/li>\n<li><span style=\"color: #000000;\">Emprendedores con una solicitud y\/o idea a desarrollar y documentar<\/span><\/li>\n<li><span style=\"color: #000000;\">De los Sectores Estrat\u00e9gicos definidos conjuntamente con el INADEM, Comercio, Servicios, Artesan\u00edas y Construcci\u00f3n \u2013 Minas, sectores en desarrollo y los definidos en la secci\u00f3n de sectores a atender.<\/span><\/li>\n<\/ol>\n<p>[\/vc_column_text][vc_btn title=\u00bbReglas de operaci\u00f3n\u00bb style=\u00bboutline-custom\u00bb outline_custom_color=\u00bb#000f9f\u00bb outline_custom_hover_background=\u00bbrgba(0,102,255,0.9)\u00bb outline_custom_hover_text=\u00bb#ffffff\u00bb align=\u00bbcenter\u00bb i_icon_fontawesome=\u00bbfar fa-file-alt\u00bb button_block=\u00bbtrue\u00bb add_icon=\u00bbtrue\u00bb link=\u00bburl:https%3A%2F%2Fsde.guanajuato.gob.mx%2Fsdes%2Fwp-content%2Fuploads%2F2025%2F01%2FQC0325-MIPyME-al-100-ej.2025.pdf||target:%20_blank|\u00bb][\/vc_column_inner][vc_column_inner width=\u00bb1\/2&#8243;][vc_single_image image=\u00bb324&#8243; img_size=\u00bbfull\u00bb css_animation=\u00bbfadeInDown\u00bb][vc_column_text]<\/p>\n<ol>\n<li><span style=\"color: #000000;\">Solicitud de atenci\u00f3n y\/o plan de trabajo (ambos escritos libres);<\/span><\/li>\n<li><span style=\"color: #000000;\">Carta de no conflicto de inter\u00e9s (Escrito libre);<\/span><\/li>\n<li><span style=\"color: #000000;\">En su caso copia simple del acta constitutiva debidamente inscrita en el Registro P\u00fablico de la Propiedad y del Comercio, as\u00ed como copia simple del poder del representante legal con facultades para suscribir t\u00edtulos de cr\u00e9dito;<\/span><\/li>\n<li><span style=\"color: #000000;\">Copia simple de Constancia de Situaci\u00f3n Fiscal;<\/span><\/li>\n<li><span style=\"color: #000000;\">Copia simple de identificaci\u00f3n oficial (INE) de la persona f\u00edsica o representante legal en su caso y\/o Tarjeta GTO Contigo S\u00ed;<\/span><\/li>\n<li><span style=\"color: #000000;\">Copia simple de comprobante de domicilio con una antig\u00fcedad no mayor a 3 meses<\/span><\/li>\n<\/ol>\n<p>[\/vc_column_text][\/vc_column_inner][\/vc_row_inner][\/vc_column][\/vc_row][vc_row][vc_column][vc_empty_space height=\u00bbpx\u00bb][vc_single_image image=\u00bb500&#8243; img_size=\u00bbfull\u00bb alignment=\u00bbcenter\u00bb css_animation=\u00bbfadeInDown\u00bb][\/vc_column][\/vc_row][vc_row content_placement=\u00bbmiddle\u00bb][vc_column][vc_tta_tabs style=\u00bbmodern\u00bb color=\u00bborange\u00bb spacing=\u00bb3&#8243; active_section=\u00bb1&#8243; no_fill_content_area=\u00bbtrue\u00bb][vc_tta_section title=\u00bbCl\u00faster Manufactura, Industria y Log\u00edstica\u00bb tab_id=\u00bb1600752322068-76f6150d-defd\u00bb][vc_column_text]<\/p>\n<p style=\"text-align: center;\">Tel. 462 60 7 45 00<\/p>\n<p>[\/vc_column_text][\/vc_tta_section][vc_tta_section title=\u00bbCl\u00faster Sectores en Desarrollo\u00bb tab_id=\u00bb1600752316812-9c69d713-746c\u00bb][vc_column_text]<\/p>\n<p style=\"text-align: center;\"><span class=\"elementor-icon-list-text\">Lic. Cony Ayde Aceves Montoya<\/span><\/p>\n<p style=\"text-align: center;\"><span class=\"elementor-icon-list-text\"><span contenteditable=\"true\" data-elementor-setting-key=\"icon_list.1.text\" data-pen-placeholder=\"Type Here...\">Tel: 473 734 0000<br \/>\n<\/span><\/span><\/p>\n<p style=\"text-align: center;\"><a href=\"mailto:sortiza@guanajuato.gob.mx\"><span class=\"elementor-icon-list-text\">cacevesm@guanajuato.gob.mx<\/span><\/a><\/p>\n<p>[\/vc_column_text][\/vc_tta_section][vc_tta_section title=\u00bbCl\u00faster Construcci\u00f3n y Minas\u00bb tab_id=\u00bb1600752324615-de27e083-6cde\u00bb][vc_column_text]<\/p>\n<p style=\"text-align: center;\"><span class=\"elementor-icon-list-text\">Ing. Jer\u00f3nimo \u00c1vila Govea<\/span><\/p>\n<p style=\"text-align: center;\"><span class=\"elementor-icon-list-text\">Tel. 473 73 2 49 43 y 473 73 2 29 84<\/span><\/p>\n<p style=\"text-align: center;\"><a href=\"mailto:javilag@guanajuato.gob.mx\"><span class=\"elementor-icon-list-text\">javilag@guanajuato.gob.mx<\/span><\/a><\/p>\n<p>[\/vc_column_text][\/vc_tta_section][vc_tta_section title=\u00bbDirecci\u00f3n de Comercializaci\u00f3n\u00bb tab_id=\u00bb1600817626232-ae56f41d-9fa7&#8243;][vc_column_text]<\/p>\n<p style=\"text-align: center;\"><span class=\"elementor-icon-list-text\">\u00a0<\/span><\/p>\n<p style=\"text-align: center;\"><span class=\"elementor-icon-list-text\">Tel 477 148 12 71 Ext. 5558<\/span><\/p>\n<p style=\"text-align: center;\">[\/vc_column_text][\/vc_tta_section][vc_tta_section title=\u00bbCl\u00faster Ciencias de la Vida\u00bb tab_id=\u00bb1600752305100-90cc1c4f-7620&#8243;][vc_column_text]<\/p>\n<p style=\"text-align: center;\"><span class=\"elementor-icon-list-text\">Ing. Sergio Eduardo Rodr\u00edguez Villalobos<\/span><\/p>\n<p style=\"text-align: center;\">Tel: 462 60 7 45 00<\/p>\n<p style=\"text-align: center;\"><a href=\"mailto:srodriguezv@guanajuato.gob.mx\">srodriguezv@guanajuato.gob.mx<\/a><\/p>\n<p>[\/vc_column_text][\/vc_tta_section][\/vc_tta_tabs][\/vc_column][\/vc_row][vc_row content_placement=\u00bbmiddle\u00bb][vc_column][vc_tta_tabs style=\u00bbmodern\u00bb color=\u00bborange\u00bb spacing=\u00bb3&#8243; active_section=\u00bb1&#8243; no_fill_content_area=\u00bbtrue\u00bb][vc_tta_section title=\u00bbCl\u00faster Moda\u00bb tab_id=\u00bb1601244242251-28f48468-92bc\u00bb][vc_column_text]<\/p>\n<p style=\"text-align: center;\">Tel: 477 14 8 12 70 y 477 14 8 12 71<\/p>\n<p>[\/vc_column_text][\/vc_tta_section][\/vc_tta_tabs][\/vc_column][\/vc_row][vc_row][vc_column][vc_single_image image=\u00bb525&#8243; img_size=\u00bbfull\u00bb alignment=\u00bbcenter\u00bb css_animation=\u00bbfadeInDown\u00bb][vc_gmaps link=\u00bb#E-8_JTNDaWZyYW1lJTIwc3JjJTNEJTIyaHR0cHMlM0ElMkYlMkZ3d3cuZ29vZ2xlLmNvbSUyRm1hcHMlMkZkJTJGZW1iZWQlM0ZtaWQlM0QxdjRLT3BJZVEwUFlULVhpSmVEOWdyT3NydnM4Sk5TRDElMjIlMjB3aWR0aCUzRCUyMjY0MCUyMiUyMGhlaWdodCUzRCUyMjQ4MCUyMiUzRSUzQyUyRmlmcmFtZSUzRQ==\u00bb][\/vc_column][\/vc_row]<\/p>\n","protected":false},"excerpt":{"rendered":"<p>[vc_row full_width=\u00bbstretch_row_content_no_spaces\u00bb css=\u00bb.vc_custom_1601242133580{margin-top: -45px !important;}\u00bb][vc_column][vc_single_image image=\u00bb417&#8243; img_size=\u00bbfull\u00bb alignment=\u00bbcenter\u00bb][\/vc_column][\/vc_row][vc_row][vc_column width=\u00bb1\/2&#8243;][vc_single_image image=\u00bb396&#8243; img_size=\u00bbfull\u00bb alignment=\u00bbcenter\u00bb css_animation=\u00bbfadeInLeft\u00bb][vc_column_text css=\u00bb.vc_custom_1707342411736{margin-right: 50px !important;margin-left: 50px !important;}\u00bb] Desarrollo de cl\u00faster\u00b4s econ\u00f3micos estrat\u00e9gicos, mediante el impulso de las vocaciones productivas existentes a nivel regional y sectorial. [\/vc_column_text][\/vc_column][vc_column width=\u00bb1\/2&#8243;][vc_single_image image=\u00bb397&#8243; img_size=\u00bbfull\u00bb alignment=\u00bbcenter\u00bb css_animation=\u00bbfadeInLeft\u00bb][vc_tta_accordion color=\u00bborange\u00bb active_section=\u00bb\u00bb][vc_tta_section title=\u00bb\u00bfA QUI\u00c9N VA DIRIGIDO?\u00bb tab_id=\u00bb1601174135765-a36e3a6d-01e3&#8243;][vc_column_text] Clusters, Organismos empresariales, Asociaciones civiles formalmente [&hellip;]<\/p>\n","protected":false},"author":2,"featured_media":0,"parent":0,"menu_order":0,"comment_status":"closed","ping_status":"closed","template":"","meta":{"_mi_skip_tracking":false},"_links":{"self":[{"href":"https:\/\/sde.guanajuato.gob.mx\/sdes\/wp-json\/wp\/v2\/pages\/561"}],"collection":[{"href":"https:\/\/sde.guanajuato.gob.mx\/sdes\/wp-json\/wp\/v2\/pages"}],"about":[{"href":"https:\/\/sde.guanajuato.gob.mx\/sdes\/wp-json\/wp\/v2\/types\/page"}],"author":[{"embeddable":true,"href":"https:\/\/sde.guanajuato.gob.mx\/sdes\/wp-json\/wp\/v2\/users\/2"}],"replies":[{"embeddable":true,"href":"https:\/\/sde.guanajuato.gob.mx\/sdes\/wp-json\/wp\/v2\/comments?post=561"}],"version-history":[{"count":21,"href":"https:\/\/sde.guanajuato.gob.mx\/sdes\/wp-json\/wp\/v2\/pages\/561\/revisions"}],"predecessor-version":[{"id":5426,"href":"https:\/\/sde.guanajuato.gob.mx\/sdes\/wp-json\/wp\/v2\/pages\/561\/revisions\/5426"}],"wp:attachment":[{"href":"https:\/\/sde.guanajuato.gob.mx\/sdes\/wp-json\/wp\/v2\/media?parent=561"}],"curies":[{"name":"wp","href":"https:\/\/api.w.org\/{rel}","templated":true}]}}